2
What is the highest common divisor of 19470 and 18992690?
590
Calculate the highest common divisor of 1778 and 141859.
127
What is the greatest common factor of 236 and 137656?
4
Calculate the greatest common divisor of 704 and 5354.
2
Calculate the greatest common factor of 70307 and 22879.
167
Calculate the greatest common divisor of 267068282 and 52.
26
Calculate the greatest common divisor of 4366882602 and 18.
18
Calculate the greatest common divisor of 30 and 3540462.
6
Calculate the greatest common divisor of 4 and 81133780.
4
Calculate the highest common factor of 4368 and 904956.
156
Calculate the highest common factor of 91306 and 343214.
142
What is the highest common divisor of 153376 and 57952?
32
Calculate the highest common factor of 6462230 and 140.
10
What is the highest common divisor of 1558 and 789168?
82
What is the greatest common divisor of 122160 and 33690?
30
What is the highest common factor of 17 and 277847473?
17
What is the greatest common divisor of 1195142 and 69875?
559
What is the greatest common factor of 2646 and 42932526?
294
What is the greatest common factor of 46473 and 42?
21
What is the highest common divisor of 36168674 and 6515?
1303
Calculate the highest common factor of 11750395 and 820.
205
What is the greatest common divisor of 51477104 and 2?
2
What is the highest common factor of 24 and 262699512?
24
Calculate the highest common divisor of 51 and 2111487.
3
What is the greatest common divisor of 18601 and 488521?
979
What is the greatest common divisor of 9984 and 2364960?
1248
What is the greatest common factor of 285 and 44641165?
95
What is the greatest common factor of 55071 and 26883?
261
Calculate the greatest common divisor of 2659706 and 464.
58
Calculate the highest common factor of 1059814 and 32266.
2482
What is the highest common divisor of 1089381 and 865?
173
Calculate the highest common factor of 107531 and 1275136.
293
What is the highest common divisor of 577104 and 273250?
2186
Calculate the highest common divisor of 20161890 and 630.
630
What is the highest common factor of 5136 and 301243413?
321
What is the greatest common divisor of 5436 and 43668?
36
Calculate the highest common divisor of 46848 and 569374.
122
Calculate the greatest common divisor of 22 and 686092.
22
Calculate the greatest common factor of 5134 and 2548427.
151
Calculate the highest common divisor of 329034460 and 20.
20
What is the highest common factor of 7666460 and 365?
365
Calculate the highest common divisor of 382853 and 649489.
349
What is the highest common factor of 20 and 105054120?
20
Calculate the greatest common divisor of 85 and 173624655.
85
Calculate the greatest common factor of 32 and 1640237344.
32
Calculate the highest common divisor of 12832 and 3992.
8
What is the highest common divisor of 1996 and 8719526?
998
What is the highest common factor of 312 and 7684365?
39
Calculate the greatest common divisor of 36881011 and 4412.
1103
What is the greatest common factor of 5825217664 and 7924?
7924
What is the greatest common divisor of 4889358 and 1143?
9
Calculate the greatest common divisor of 1217460 and 1648.
412
Calculate the greatest common divisor of 63260913 and 3.
3
Calculate the highest common factor of 1547 and 36037183.
91
Calculate the greatest common divisor of 25381424 and 16.
16
Calculate the greatest common divisor of 27 and 4399461.
27
What is the greatest common factor of 78740 and 72260?
20
Calculate the highest common divisor of 80433 and 77123.
331
What is the greatest common divisor of 2138 and 9699037?
1069
Calculate the greatest common divisor of 24 and 96877842.
6
Calculate the greatest common divisor of 893604 and 4068.
1356
What is the greatest common divisor of 3186 and 6890256?
1062
Calculate the greatest common factor of 24 and 272669832.
24
What is the greatest common divisor of 367446 and 63847?
1303
Calculate the highest common factor of 390771318 and 1986.
1986
What is the greatest common divisor of 117 and 407840589?
117
Calculate the greatest common divisor of 3405731 and 29.
29
Calculate the greatest common divisor of 14462576 and 5465.
1093
What is the highest common divisor of 5288 and 36536?
8
What is the highest common factor of 4629900 and 5412?
132
What is the greatest common factor of 67563 and 11448?
9
Calculate the highest common factor of 781 and 74210194.
71
Calculate the greatest common divisor of 648 and 1393176.
24
Calculate the highest common divisor of 343132 and 569001.
787
Calculate the greatest common divisor of 3250091 and 156.
13
Calculate the greatest common divisor of 74444580 and 192.
12
Calculate the greatest common divisor of 4793928 and 684.
228
Calculate the highest common divisor of 39520530 and 705.
15
Calculate the highest common factor of 1316 and 108390037.
329
Calculate the highest common divisor of 22638 and 178134.
66
What is the greatest common factor of 186763070 and 325?
65
What is the highest common factor of 396 and 8732889?
99
Calculate the highest common divisor of 1279300 and 885500.
1100
What is the highest common divisor of 942 and 7346862?
6
What is the greatest common factor of 3661722 and 936?
18
Calculate the highest common factor of 206774294 and 710.
142
What is the highest common factor of 1279977 and 4303?
331
What is the greatest common factor of 6069826 and 49?
49
What is the highest common divisor of 2 and 9310430?
2
Calculate the highest common factor of 393 and 211373216.
131
Calculate the highest common divisor of 4408 and 17894334.
58
Calculate the highest common factor of 5 and 14221255.
5
What is the greatest common factor of 41 and 817699367?
41
Calculate the greatest common factor of 28483890 and 322.
46
Calculate the highest common factor of 5198 and 139386969.
2599
What is the highest common divisor of 331 and 82181011?
331
What is the highest common divisor of 2530 and 844030?
110
What is the highest common divisor of 136 and 3935432?
136
Calculate the greatest common factor of 3291849 and 215127.
4059
What is the greatest common factor of 20 and 156635?
5
Calculate the greatest common factor of 1948 and 19696228.
1948
What is the highest common divisor of 32316696 and 24?
24
Calculate the highest common factor of 8493 and 4872151.
2831
Calculate the greatest common divisor of 169218 and 22338.
306
What is the highest common factor of 14 and 17411555?
7
Calculate the greatest common factor of 52175152 and 32.
16
What is the greatest common factor of 5941 and 21853?
13
What is the highest common divisor of 41160 and 38160?
120
What is the highest common divisor of 4484 and 3922202?
118
Calculate the highest common factor of 415200 and 1925.
25
What is the greatest common factor of 10292058 and 90?
18
What is the greatest common divisor of 50147295 and 319?
11
What is the highest common divisor of 192676 and 23278068?
1276
Calculate the greatest common divisor of 9863832 and 792.
264
What is the highest common divisor of 209731 and 86984?
131
Calculate the highest common divisor of 135792 and 3150954.
414
Calculate the greatest common divisor of 52038 and 2542302.
126
Calculate the greatest common divisor of 2828 and 161555863.
707
Calculate the greatest common factor of 4234 and 17049296.
146
What is the greatest common factor of 95 and 96636850?
95
What is the greatest common factor of 92 and 890620?
4
Calculate the highest common divisor of 18470661 and 7062.
3531
Calculate the greatest common factor of 1814092 and 2948.
268
What is the highest common divisor of 3930009 and 4395?
879
Calculate the greatest common divisor of 27373118 and 134.
134
What is the highest common factor of 7104 and 13749126?
222
Calculate the greatest common factor of 1640 and 168113120.
1640
Calculate the greatest common divisor of 12289977 and 1046.
523
What is the highest common divisor of 15458091 and 4215?
843
Calculate the highest common factor of 5783550 and 18.
6
Calculate the greatest common factor of 805 and 6940112.
23
Calculate the highest common factor of 1291499370 and 15745.
15745
Calculate the greatest common divisor of 1987106 and 20746.
902
Calculate the highest common divisor of 2060 and 1510780.
20
What is the highest common factor of 12852 and 219847068?
756
Calculate the great